). Let b = 5 - j. Suppose -d + b = -5. List the prime factors of d.
11
Suppose -2*w - 2 = -w. Let d be 0/2*(w - -1). Suppose -13 = -4*p - 4*s - s, d = 3*p - 4*s - 2. What are the prime factors of p?
2
Let v be (-964)/(-20) + (-1)/5. Suppose 4*n - v = 4*p, -n + 6*p + 27 = 2*p. What are the prime factors of n?
7
Suppose -i - 2*r = -7*r + 7, 0 = i - 2*r + 19. What are the prime factors of 18*(-6)/i*3?
2, 3
Suppose 11*i - 117 = 576. What are the prime factors of i?
3, 7
Let c be ((-2)/3)/((-3)/27). Let u(d) = d**3 - 7*d**2 + 8*d - 2. Let l be u(c). Let x = -1 + l. What are the prime factors of x?
3
Let z = 0 + -2. Let b(t) = -t**3 + t**2 + 2*t + 2. List the prime factors of b(z).
2, 5
What are the prime factors of (-30)/(-8) + (-15)/20?
3
Suppose 0 = 2*f + f - 30. What are the prime factors of f?
2, 5
Suppose -180 = -0*q - 5*q. List the prime factors of q.
2, 3
Suppose 5*q + 3*o + 126 = 0, 6*q - q + 4*o + 123 = 0. Let b = q + 51. What are the prime factors of b?
2, 3
Let j(s) = s**2 + 14*s + 80. List the prime factors of j(-19).
5, 7
List the prime factors of (-428)/(-3) + 10/30.
11, 13
Let m = 3 + -9. Let f be 1*-2*93/m. Let u = f - 21. List the prime factors of u.
2, 5
Let p(a) = a**3 - 5*a**2 - a - 4. Suppose -31 = -4*u - 11. Let z be p(u). Let b = -6 - z. What are the prime factors of b?
3
Let m be (4/((-12)/81))/1. Let b(y) = 3*y - 6. Let s be b(6). List the prime factors of (m/s)/(1/(-4)).
3
Let a be ((-8)/(-6))/((-1)/(-6)). Suppose -t - 6 + a = 0. What are the prime factors of t?
2
Suppose 11*q = -14*q + 2425. List the prime factors of q.
97
Let a(q) be the third derivative of q**5/20 - q**3/6 - 2*q**2. Let z be a(-1). Suppose 8 = -2*b, 0 = -5*k - z*b - 26 + 83. List the prime factors of k.
13
Let g(o) = o**3 + 15*o**2 + 18*o - 4. What are the prime factors of g(-13)?
2, 5
Suppose 4*i + 0*t + 3*t - 187 = 0, 4*t = 2*i - 88. What are the prime factors of i?
2, 23
Let z(k) = 16*k**2 + 8*k + 2. What are the prime factors of z(-3)?
2, 61
Let f = 0 + 3. Suppose 2*n - 19 = f*n. Let g = -12 - n. List the prime factors of g.
7
Let m be (-42)/(-8) + (-5)/20. Suppose 0 = -r + 3*d + 6, m*d - 4*d + 1 = 0. Suppose 2*w = -4*y + 14, -y + 0*w = -r*w - 14. List the prime factors of y.
5
Suppose 2*t - 3 = -5. Let z be 1 - (-3 - 39) - t. Suppose z = 3*s - q, 0 = 4*s + 3*q - 37. List the prime factors of s.
13
Suppose 0 = -5*s - 1 + 11. Let c(b) = 0 + 5 + 10*b - b**s + 2. What are the prime factors of c(10)?
7
Suppose 0 = -5*i + 11 + 129. Suppose m - 5*q + 11 = 0, -5*q + 3 = 4*m - i. What are the prime factors of m?
2
Let b be ((-5)/(-2))/(2/40). Suppose -4*c - v + b = 0, 5*c + 0*v - 57 = -4*v. What are the prime factors of c?
13
Let c(r) = r + 3. Let a be c(3). Suppose a*l - 24 = 3*l. What are the prime factors of l?
2
Let s(x) = -5*x**2 - 10*x - 4. Let w(h) = 6*h**2 + 11*h + 5. Let r(a) = -4*s(a) - 3*w(a). What are the prime factors of r(-5)?
2
Let t(z) = -14*z + 7. Let r be t(6). List the prime factors of 22/r - 205/(-7).
29
Let f(p) = 5*p - 34. List the prime factors of f(18).
2, 7
Let a = 68 + -29. List the prime factors of a.
3, 13
Suppose 19 + 10 = -3*h + 4*d, -2*d + 10 = 0. Let z be h/6 + (-5)/(-2). Let p = 9 + z. What are the prime factors of p?
11
Suppose 2*y + 10 = -d + 5*d, -4*y - 3*d - 20 = 0. Let x be 1*y - 0/(-2). Let q(i) = -i**2 - 5*i + 6. What are the prime factors of q(x)?
2, 3
Let a(o) = -3*o**3 + o**2 - 4*o + 2. Let d(l) = -10*l**3 + 4*l**2 - 13*l + 7. Let z(v) = 7*a(v) - 2*d(v). What are the prime factors of z(-3)?
2, 3
Let a(h) = h + 1 + 2*h + 2. Let f be a(-8). Let d = -14 - f. What are the prime factors of d?
7
Suppose -5*b = -30 - 45. List the prime factors of b.
3, 5
Let c = 4 - 9. Suppose 0 = k + f + 126, -2*k - 103 = 3*f + 151. List the prime factors of 2/c - k/10.
2, 3
Let b = -2 - -4. Let m = 15 - b. Let l = 29 - m. What are the prime factors of l?
2
Let q = 72 - 158. Let p = -48 - q. List the prime factors of p.
2, 19
Let m be 6/(-3) + -1 - 3. Let v = m + 10. What are the prime factors of v?
2
Let f(a) = 18*a - 18. What are the prime factors of f(8)?
2, 3, 7
Let m be (-12 - 1)/(2/(-10)). Let p(o) = -o**3 + 6*o**2 + 4. Let b be p(6). Suppose m - 17 = b*q. List the prime factors of q.
2, 3
Suppose 5*t - 975 = 2*h - 3*h, 5*h = -2*t + 367. What are the prime factors of t?
2, 7
Suppose -r + 2*n = -12, -2*r + r = -n - 7. Let o(g) = 4*g**3 - 2*g**2 + g. What are the prime factors of o(r)?
2, 13
Let j(s) = -s**2 + 15*s - 5. List the prime factors of j(10).
3, 5
Let o = -10 - -22. Suppose d = 4*d + o. Let n(j) = -3*j - 1. What are the prime factors of n(d)?
11
Let s be (-9 - 1) + 10/5. Let k be s/4 + 3*-1. What are the prime factors of 10 + 3/(k - -2)?
3
Let y be 2 + (-2 + 2)*-1. Let f(t) = -2*t + 1. Let b be f(1). List the prime factors of (y - 0)*b + 7.
5
Let z(q) = 3*q**2. What are the prime factors of z(3)?
3
Suppose 2*x - x = u + 4, u = 3*x - 10. Suppose 0 = l - x*d - 9, 5*l - 85 = -d - 8. What are the prime factors of l?
3, 5
Suppose 2*d = -13 + 43. Suppose 6*k = 5*k + d. Let b = k + -6. List the prime factors of b.
3
Let r = 31 + 15. Let s = -25 + r. What are the prime factors of s?
3, 7
Let c(l) = l**3 - 18*l**2 + 18*l - 24. Let u be c(17). List the prime factors of 36/3*u/(-2).
2, 3, 7
Let z(o) = 2*o**2 + 4*o - 3. List the prime factors of z(-4).
13
Let r be (-4)/(-10)*5*1. Suppose 4 = -r*j + 24. Let k = j + -8. What are the prime factors of k?
2
Suppose 0 = 2*r + r - 96. Suppose -4*n + 5*t - 8 = 0, 0*n - 5*t + r = 4*n. What are the prime factors of (n - 5)*14/(-4)?
7
Suppose 5*z + 29 = -0*d - 2*d, -2*z - d = 12. Let f = z + -3. Let g(b) = b**3 + 9*b**2 + 7*b + 11. What are the prime factors of g(f)?
19
Let n(h) = -h**3 - 6*h**2 - 5*h - 10. List the prime factors of n(-6).
2, 5
Let f be 3*-2*(-12)/9. Suppose 2*y = 4*y - f. List the prime factors of y.
2
Let u(z) = -4*z + 13. List the prime factors of u(-7).
41
Suppose 4*m - 1045 - 259 = -4*i, 0 = -3*i - m + 986. What are the prime factors of i?
2, 3, 5, 11
Let i(t) = t**2 + 9. Let h be i(7). Suppose 2*r + 4 = 3*x - 51, -4*x - 5*r + h = 0. List the prime factors of x.
17
Let m(i) = 21*i - 1. Let f be m(1). Suppose -3*d = d + f, 4*p - 113 = 5*d. What are the prime factors of p?
2, 11
Suppose 4*a - 65 = 131. List the prime factors of a.
7
Suppose 4*o - 5*p - 362 = 412, 0 = -2*p + 4. What are the prime factors of o?
2, 7
Let x = -10 - -6. Let d = 17 - x. What are the prime factors of d?
3, 7
Let s(h) = 3*h - 1. What are the prime factors of s(9)?
2, 13
Let d(y) = y**2 + 2*y - 1. Let r be d(1). Suppose -3*z + r = -z. Suppose -f = -15 + z. List the prime factors of f.
2, 7
Let f(s) = -29*s. What are the prime factors of f(-2)?
2, 29
Let u be -1 + 34/(-2) - 1. Let c = u + 35. What are the prime factors of c?
2
Suppose -2*r - 3*g = -g - 410, -5*r - 2*g = -1025. What are the prime factors of r?
5, 41
Suppose -5*j + l = 5*l, -3*j + l + 17 = 0. Suppose j*k = -3 + 55. List the prime factors of k.
13
What are the prime factors of (8 - 9)/((-2)/148)?
2, 37
What are the prime factors of (-17)/((-68)/120) + 4?
2, 17
Let t = 20 - 6. What are the prime factors of (-6 - 3)/((-3)/t)?
2, 3, 7
Let t(b) = -b**3 - 2 + 9 + 6*b**2 + 0*b**3. Let r be t(6). Suppose 2*h + 2*q = 14, -3*h = -3*q - 34 + r. List the prime factors of h.
2
Let s = 19 - 16. List the prime factors of s.
3
Let d(y) = y**2 + 3*y - 9. What are the prime factors of d(8)?
79
Let h = -16 + 8. Let v = -4 - h. Suppose -50 + 2 = -v*w. List the prime factors of w.
2, 3
Let t be 0 - (-1 - -2)*-1. Let p(f) = 27*f - 2. What are the prime factors of p(t)?
5
Let c(d) = -d**3 + 8*d**2 - 6*d + 4. Let u = 7 - 1. Let g be c(u). Suppose g = -w + 5*w. List the prime factors of w.
2, 5
Let j = -2 + 4. Let x(n) = n**3 - 2*n**2 + 3*n - 2. Let q be x(j). Suppose q*v = 7 + 41. List the prime factors of v.
2, 3
Suppose 5 = 2*t - 3. Let m be (1 + -2)*-2*1. Suppose m*o - 3*h = -3, 5*h - 19 = t*o - 3*o. List the prime factors of o.
2, 3
Let y(h) = -h**3 + 4*h**2 - 2*h + 1. Let n(d) = -2*d - 3. Let x be n(-3). Let i be y(x). Suppose -6 = -i*z + 18. What are the prime factors of z?
2, 3
Let h = 2 - 1. Suppose 7 = -3*k + 19. Let w = k - h. List the prime factors of w.
3
Let d(c) = -c**3 - 23*c**2 + 23*c + 14. List the prime factors of d(-24).
2, 19
Let d(u) = 